{"id":278,"date":"2025-12-02T11:01:15","date_gmt":"2025-12-02T10:01:15","guid":{"rendered":"https:\/\/jeannebuee.fr\/?page_id=278"},"modified":"2026-02-01T11:07:16","modified_gmt":"2026-02-01T10:07:16","slug":"food-porn-project","status":"publish","type":"page","link":"https:\/\/jeannebuee.fr\/?page_id=278","title":{"rendered":"FOOD PORN PROJECT"},"content":{"rendered":"\n<div class=\"alignnormal\"><div id=\"metaslider-id-362\" style=\"width: 100%;\" class=\"ml-slider-3-105-0 metaslider metaslider-flex metaslider-362 ml-slider has-onhover-arrows has-dots-nav ms-theme-simply-dark\" role=\"region\" aria-label=\"Food Porn\" data-height=\"2160\" data-width=\"3840\">\n    <div id=\"metaslider_container_362\">\n        <div id=\"metaslider_362\">\n            <ul class='slides'>\n                <li style=\"display: block; width: 100%;\" class=\"slide-380 ms-image \" aria-roledescription=\"slide\" data-date=\"2026-02-01 10:54:23\" data-filename=\"1-scaled-2560x1440.webp\" data-slide-type=\"image\"><img loading=\"lazy\" decoding=\"async\" src=\"https:\/\/jeannebuee.fr\/wp-content\/uploads\/2026\/02\/1-scaled-2560x1440.webp\" height=\"2160\" width=\"3840\" alt=\"\" class=\"slider-362 slide-380 msDefaultImage\" title=\"1\" \/><\/li>\n                <li style=\"display: none; width: 100%;\" class=\"slide-381 ms-image \" aria-roledescription=\"slide\" data-date=\"2026-02-01 10:54:23\" data-filename=\"2-scaled-2560x1440.webp\" data-slide-type=\"image\"><img loading=\"lazy\" decoding=\"async\" src=\"https:\/\/jeannebuee.fr\/wp-content\/uploads\/2026\/02\/2-scaled-2560x1440.webp\" height=\"2160\" width=\"3840\" alt=\"\" class=\"slider-362 slide-381 msDefaultImage\" title=\"2\" \/><\/li>\n                <li style=\"display: none; width: 100%;\" class=\"slide-382 ms-image \" aria-roledescription=\"slide\" data-date=\"2026-02-01 10:54:23\" data-filename=\"3-scaled-2560x1440.webp\" data-slide-type=\"image\"><img loading=\"lazy\" decoding=\"async\" src=\"https:\/\/jeannebuee.fr\/wp-content\/uploads\/2026\/02\/3-scaled-2560x1440.webp\" height=\"2160\" width=\"3840\" alt=\"\" class=\"slider-362 slide-382 msDefaultImage\" title=\"3\" \/><\/li>\n                <li style=\"display: none; width: 100%;\" class=\"slide-383 ms-image \" aria-roledescription=\"slide\" data-date=\"2026-02-01 10:54:23\" data-filename=\"4-scaled-2560x1440.webp\" data-slide-type=\"image\"><img loading=\"lazy\" decoding=\"async\" src=\"https:\/\/jeannebuee.fr\/wp-content\/uploads\/2026\/02\/4-scaled-2560x1440.webp\" height=\"2160\" width=\"3840\" alt=\"\" class=\"slider-362 slide-383 msDefaultImage\" title=\"4\" \/><\/li>\n                <li style=\"display: none; width: 100%;\" class=\"slide-384 ms-image \" aria-roledescription=\"slide\" data-date=\"2026-02-01 10:54:23\" data-filename=\"5-scaled-2560x1440.webp\" data-slide-type=\"image\"><img loading=\"lazy\" decoding=\"async\" src=\"https:\/\/jeannebuee.fr\/wp-content\/uploads\/2026\/02\/5-scaled-2560x1440.webp\" height=\"2160\" width=\"3840\" alt=\"\" class=\"slider-362 slide-384 msDefaultImage\" title=\"5\" \/><\/li>\n                <li style=\"display: none; width: 100%;\" class=\"slide-385 ms-image \" aria-roledescription=\"slide\" data-date=\"2026-02-01 10:54:23\" data-filename=\"6-scaled-2560x1440.webp\" data-slide-type=\"image\"><img loading=\"lazy\" decoding=\"async\" src=\"https:\/\/jeannebuee.fr\/wp-content\/uploads\/2026\/02\/6-scaled-2560x1440.webp\" height=\"2160\" width=\"3840\" alt=\"\" class=\"slider-362 slide-385 msDefaultImage\" title=\"6\" \/><\/li>\n                <li style=\"display: none; width: 100%;\" class=\"slide-386 ms-image \" aria-roledescription=\"slide\" data-date=\"2026-02-01 10:54:23\" data-filename=\"7-scaled-2560x1440.webp\" data-slide-type=\"image\"><img loading=\"lazy\" decoding=\"async\" src=\"https:\/\/jeannebuee.fr\/wp-content\/uploads\/2026\/02\/7-scaled-2560x1440.webp\" height=\"2160\" width=\"3840\" alt=\"\" class=\"slider-362 slide-386 msDefaultImage\" title=\"7\" \/><\/li>\n                <li style=\"display: none; width: 100%;\" class=\"slide-387 ms-image \" aria-roledescription=\"slide\" data-date=\"2026-02-01 10:54:23\" data-filename=\"8-scaled-2560x1440.webp\" data-slide-type=\"image\"><img loading=\"lazy\" decoding=\"async\" src=\"https:\/\/jeannebuee.fr\/wp-content\/uploads\/2026\/02\/8-scaled-2560x1440.webp\" height=\"2160\" width=\"3840\" alt=\"\" class=\"slider-362 slide-387 msDefaultImage\" title=\"8\" \/><\/li>\n            <\/ul>\n        <\/div>\n        \n    <\/div>\n<\/div><\/div>\n\n\n\n<p class=\"has-text-align-right\">Installation <br>performances-vid\u00e9os, mobilier, p\u00e2tisseries, fleurs, bonbons<\/p>\n\n\n\n<p class=\"has-text-align-right\">Pr\u00e9sent\u00e9e le 05 mars 2025, \u00e0 l&rsquo;Universit\u00e9 Rennes 2.<\/p>\n\n\n\n<p><\/p>\n\n\n\n<p class=\"has-text-align-center\" style=\"border-width:1px\"><br>Conventions sociales, jouissance programm\u00e9e ou d\u00e9lires blasph\u00e9matoires, le repas se fait toujours l&rsquo;all\u00e9gorie des obsessions de son \u00e9poque. Seul ou partag\u00e9, il peut tout \u00e0 la fois \u00eatre une monstrueuse d\u00e9claration d&rsquo;amour et de haine au monde et \u00e0 son propre corps. Cette embivalence contenue dans le fait de manger pose cet acte supr\u00eame comme un seuil d&rsquo;incertitudes. Famine ou opulence, jouissance ou privation, tentation ou r\u00e9pulsion&#8230; les dualismes de la nourriture engagent le corps dans un flot d&rsquo;injonctions contraires. Le rapport f\u00e9tichiste et quasi-masturbatoire \u00e0 l&rsquo;alimentation qu&rsquo;\u00e9voquent ces performances-vid\u00e9os t\u00e9moigne de la tentation narcissique de nos modes d&rsquo;\u00eatre-au-monde, et sont autant de rituels expiatoires, autopornographiques, voire autophagiques. Ce banquet parodique o\u00f9 l&rsquo;esth\u00e9tique kinky flirt avec le mauvais go\u00fbt, o\u00f9 le kitsch frise le grotesque, s&rsquo;ouvre sur des r\u00e9flexions identitaires d&rsquo;ordre spirituelles et sexuelles.<br><br><\/p>\n\n\n\n<p><\/p>\n\n\n\n<p><\/p>\n","protected":false},"excerpt":{"rendered":"<p>Installation performances-vid\u00e9os, mobilier, p\u00e2tisseries, fleurs, bonbons Pr\u00e9sent\u00e9e le 05 mars 2025, \u00e0 l&rsquo;Universit\u00e9 Rennes 2. Conventions sociales, jouissance programm\u00e9e ou [&hellip;]<\/p>\n","protected":false},"author":1,"featured_media":0,"parent":0,"menu_order":0,"comment_status":"closed","ping_status":"closed","template":"","meta":{"_uag_custom_page_level_css":"","site-sidebar-layout":"default","site-content-layout":"","ast-site-content-layout":"default","site-content-style":"default","site-sidebar-style":"default","ast-global-header-display":"","ast-banner-title-visibility":"","ast-main-header-display":"","ast-hfb-above-header-display":"","ast-hfb-below-header-display":"","ast-hfb-mobile-header-display":"","site-post-title":"","ast-breadcrumbs-content":"","ast-featured-img":"","footer-sml-layout":"","ast-disable-related-posts":"","theme-transparent-header-meta":"","adv-header-id-meta":"","stick-header-meta":"","header-above-stick-meta":"","header-main-stick-meta":"","header-below-stick-meta":"","astra-migrate-meta-layouts":"default","ast-page-background-enabled":"default","ast-page-background-meta":{"desktop":{"background-color":"var(--ast-global-color-5)","background-image":"","background-repeat":"repeat","background-position":"center center","background-size":"auto","background-attachment":"scroll","background-type":"","background-media":"","overlay-type":"","overlay-color":"","overlay-opacity":"","overlay-gradient":""},"tablet":{"background-color":"","background-image":"","background-repeat":"repeat","background-position":"center center","background-size":"auto","background-attachment":"scroll","background-type":"","background-media":"","overlay-type":"","overlay-color":"","overlay-opacity":"","overlay-gradient":""},"mobile":{"background-color":"","background-image":"","background-repeat":"repeat","background-position":"center center","background-size":"auto","background-attachment":"scroll","background-type":"","background-media":"","overlay-type":"","overlay-color":"","overlay-opacity":"","overlay-gradient":""}},"ast-content-background-meta":{"desktop":{"background-color":"var(--ast-global-color-4)","background-image":"","background-repeat":"repeat","background-position":"center center","background-size":"auto","background-attachment":"scroll","background-type":"","background-media":"","overlay-type":"","overlay-color":"","overlay-opacity":"","overlay-gradient":""},"tablet":{"background-color":"var(--ast-global-color-4)","background-image":"","background-repeat":"repeat","background-position":"center center","background-size":"auto","background-attachment":"scroll","background-type":"","background-media":"","overlay-type":"","overlay-color":"","overlay-opacity":"","overlay-gradient":""},"mobile":{"background-color":"var(--ast-global-color-4)","background-image":"","background-repeat":"repeat","background-position":"center center","background-size":"auto","background-attachment":"scroll","background-type":"","background-media":"","overlay-type":"","overlay-color":"","overlay-opacity":"","overlay-gradient":""}},"footnotes":""},"class_list":["post-278","page","type-page","status-publish","hentry"],"uagb_featured_image_src":{"full":false,"thumbnail":false,"medium":false,"medium_large":false,"large":false,"1536x1536":false,"2048x2048":false},"uagb_author_info":{"display_name":"admin9274","author_link":"https:\/\/jeannebuee.fr\/?author=1"},"uagb_comment_info":0,"uagb_excerpt":"Installation performances-vid\u00e9os, mobilier, p\u00e2tisseries, fleurs, bonbons Pr\u00e9sent\u00e9e le 05 mars 2025, \u00e0 l&rsquo;Universit\u00e9 Rennes 2. Conventions sociales, jouissance programm\u00e9e ou [&hellip;]","_links":{"self":[{"href":"https:\/\/jeannebuee.fr\/index.php?rest_route=\/wp\/v2\/pages\/278","targetHints":{"allow":["GET"]}}],"collection":[{"href":"https:\/\/jeannebuee.fr\/index.php?rest_route=\/wp\/v2\/pages"}],"about":[{"href":"https:\/\/jeannebuee.fr\/index.php?rest_route=\/wp\/v2\/types\/page"}],"author":[{"embeddable":true,"href":"https:\/\/jeannebuee.fr\/index.php?rest_route=\/wp\/v2\/users\/1"}],"replies":[{"embeddable":true,"href":"https:\/\/jeannebuee.fr\/index.php?rest_route=%2Fwp%2Fv2%2Fcomments&post=278"}],"version-history":[{"count":5,"href":"https:\/\/jeannebuee.fr\/index.php?rest_route=\/wp\/v2\/pages\/278\/revisions"}],"predecessor-version":[{"id":394,"href":"https:\/\/jeannebuee.fr\/index.php?rest_route=\/wp\/v2\/pages\/278\/revisions\/394"}],"wp:attachment":[{"href":"https:\/\/jeannebuee.fr\/index.php?rest_route=%2Fwp%2Fv2%2Fmedia&parent=278"}],"curies":[{"name":"wp","href":"https:\/\/api.w.org\/{rel}","templated":true}]}}